37
8 - 10 - (-9 + 4) - (38 - -8)
-43
Evaluate -35 - (-8 - -16) - -24 - (-3 - (-7 + 3)).
-20
Calculate -4 + (-9 + -20 + -26 - -6).
-53
Calculate -10 - (-22 - (6 + -27)).
-9
What is -47 - (-48 + (18 - -16))?
-33
1 - 1 - -61 - (21 + (-50 - -31 - -1))
58
Calculate -20 + 7 + -17 + (5 - 7 - -26).
-6
What is -2 + 1 - (-94 + 50)?
43
Calculate -120 + -1 + 2 - ((132 - 140) + -2).
-109
What is (-3 - -1) + -3 + 5 - (-4538 - -4466)?
72
What is 57 + (28 - (34 + (-15 - 0)) - 2)?
64
What is -6 - (8 - (-13 - (20 + -22 + 17)))?
-42
(5 - -1) + -190 + 203 - -80
99
Evaluate 8 + (34 - (-29 + 14 + 28)).
29
Calculate -1 + 10 - (16 - (-15 + 8 - -45) - 8).
39
What is 7 + -8 + (-10 - (9 - (76 - (3 - -5))))?
48
Calculate 0 - -80 - ((-5 - 1) + 48 + -38).
76
Evaluate (-86 - -43) + 73 + -17.
13
What is -17 + (17 - -33) + -104?
-71
-2 + (3 + -17 + 13 - 11 - 53)
-67
Evaluate -61 - -62 - (-46 - 14).
61
-26 - (-25 + 20) - -16 - 50
-55
Evaluate 0 + -24 - (237 + -449 - -103).
85
Evaluate 223 - (147 + -58 + 30).
104
Calculate 4 + -7 + -12 + (77 - -55).
117
7 + (-40 - -17) - -11 - -15
10
Evaluate 25 + ((-7 - -10) + 8 + -8 - -10).
38
What is the value of (6 - 0 - 7 - (80 + -4 + -5)) + 6?
-66
What is (-27 + 3 - ((-19 - -7) + 14 + -16)) + 82?
72
Calculate -91 + 88 - (1 + 12 - -10).
-26
Evaluate 31 - (-48 + -63 + 66).
76
70 - (-20 + 70 + -8)
28
Evaluate 14 + (27 + 2 - 36 - (63 - 0)).
-56
What is 494 - 444 - (1 - -7)?
42
-56 + 62 + -5 - -59
60
Calculate (113 - 67) + (-9 - -3).
40
Evaluate (3 - 2) + 90 - ((-83 - -101) + (22 - 29)).
80
Evaluate -45 - (-45 - (-60 + 44)).
-16
0 + -11 - (145 + -189 - -92)
-59
What is the value of 1 - -30 - (1169 + -1123)?
-15
Calculate 3 - (-11 - (19 - 13 - 7)) - -16.
29
What is (96 - 92) + -5 + -9 - -5?
-5
What is -11 + (-21 + 2 + 10 - -9) + (23 - -3)?
15
What is the value of 70 - (29 - 89 - -149)?
-19
Calculate (-400 - -256) + -7 + 82.
-69
(37 - 143) + -169 + 216
-59
What is 650 - 644 - (-46 + 6)?
46
What is -124 + 31 + 20 - (6 - 24)?
-55
What is the value of 1 + -2 - (23 - (9 + 30) - -40)?
-25
Evaluate 65 + -27 - (50 - -21).
-33
Calculate -45 + (-320 + 322 - (-6 + 0)) + -13.
-50
What is -871 + 720 + (-6 - -23)?
-134
Evaluate (14 + -45 - -31) + 1 + -4 + 13.
10
What is the value of -22 + (91 - 62 - -50)?
57
(-125 - -90) + 6 + 8 + -3 + -14
-38
(29 - (47 + -15)) + -2 + -1 + 19
13
What is the value of 128 + (149 - 295) + (-3 - -50)?
29
-96 - -6 - (-121 - -9)
22
What is 29 + ((26 - 2) + -3 + (10 - 17) - 9)?
34
What is -31 - -87 - (-13 + 32 + -51)?
88
What is the value of (-4 - -25) + -2 + 16 + (42 - 33)?
44
-31 + -4 - (-430 + 432)
-37
Evaluate -12 - (-19 + (-16 - -32) - 0).
-9
Calculate -71 - (32 - -23 - 32) - -42.
-52
What is (-22 + 19 - 3 - 15) + 1 + -4?
-24
Evaluate -15 + (39 - 10) + (8 + 7 - -14).
43
What is -9 - (-12 - -3 - (-33 + -21 + 23))?
-31
What is the value of 40 + (-72 - -42 - -11 - 101)?
-80
What is -12 + -52 - (7 + (-1 - -4 - (2 - -2)))?
-70
Evaluate 55 - ((30 - -10) + -15).
30
Evaluate -43 - (-50 + 160) - (-18 + 2).
-137
Evaluate 17 + 32 + 34 + (-63 - -14).
34
Evaluate (-33 - -25) + 28 + (-31 - 3).
-14
What is (-29 + -6 + 8 - -9) + -13 + 1 + 2?
-28
Calculate (-2 + 2 + 2 - (-30 - -27)) + (207 - 259).
-47
What is 15 + (12 - (2 - (-12 - -5)))?
18
What is -17 + (-8 - (-31 + -5) - 15) - -22?
18
-17 - 20 - (10 - 1) - (-11 - (-32 + 11))
-56
Evaluate -1 - -17 - (-119 + 54 + 114).
-33
Calculate (148 - (13 - -138)) + 2 + -49.
-50
Evaluate -30 - (43 + -23 - 13 - (-1 + (5 - 2))).
-35
What is 6 - ((-6 - -8) + 6) - (-119 + 118)?
-1
(-14 + 48 + -47 - -60) + -6 + 1
42
(-26 - (4 + -16) - (-36 - -85)) + 0
-63
-28 + (-5 - (-13 + 49))
-69
(-40 + (51 - 54) - -25) + (81 - 0)
63
Evaluate -4 + (-17 - (-9 + 7 - 9)) + 20 + -73.
-63
-96 - -125 - ((3 - -10) + (-2 - (-4 + 7)))
21
78 + -31 + 20 + 3 + (8 - -2)
80
What is the value of -13 - (55 + -31 + 15)?
-52
What is the value of 38 + 14 - 44 - (9 - 26)?
25
What is (1 - 11) + -244 + 237 + 5 + -3 + 52?
37
What is the value of -1 - ((-14 - -7) + 30 + (-157 - -20))?
113
Calculate -63 - (462 + -468 - (33 + 4)).
-20
Calculate 16 - 31 - (-12 + -9) - 61.
-55
What is 36 + (-70 - -22) + -3?
-15
What is -12 + 6 - 5 - 2 - (23 - 77)?
41
37 - 1 - (49 - 182 - -81)
88
What is 8 - (-24 + 26 - -19 - 84)?
71
-8 + 63 + (-2 - (16 - 1 - 13))
51
Evaluate -19 - (14 + 6) - (4 + 0).
-43
-91 - (0 - (-6 - 15) - (-91 - -88))
-115
What is the value of (25 - 10) + -13 - (12 + -2 + 50 + -53)?
-5
-106 + (171 - 62) + -3 + (2 - 1) - -2
3
What is the value of 1 + (84 - (51 - 27))?
61
What is 2 + 18 + -4 + (2 - 27 - (-27 + 13))?
5
Calculate -2 + -71 + (-377 - -447).
-3
Calculate -32 + (106 - (159 - 72)).
-13
(20 + 15 - 24 - 12) + 12
11
Evaluate -15 + -1 + (179 - 178) - 2 - -51.
34
Calculate 19 + 29 + 183 + -185.
46
(-66 - -83) + -78 + 25
-36
7 + -46 + 40 + -22
-21
Calculate 7882 - 7881 - (6 + 80 + (3 - 1)).
-87
-95 + 46 + 51 + 7
9
What is (-62 - (-11 + 19)) + -10 + 7?
-73
What is the value of (-40 - (26 - 63)) + -29 + -9?
-41
23 + (-6 - 4 - (11 + (10 + -21 - 4)))
17
What is the value of 64 - (-46 + 226 + -81)?
-35
What is (33 + -25 - -20) + -33 + -20?
-25
What is the value of 0 + 19 + -23 + 2 - 0?
-2
What is the value of -62 + 59 - ((11 + -6 - 2) + 8)?
-14
Evaluate 50 + -2 + -11 + 15 + (2 - 16) + 2.
40
What is the value of 59 + 12 - (-51 - -158)?
-36
What is -10 + (30 + -30 + -14 - 27)?
-51
What is 1 - -14 - (115 + -117) - (-66 + 21)?
62
Calculate -3 + 0 + (30 - (-1 - -33) - -29).
24
What is 106 - (73 - 27) - 47?
13
Evaluate -71 + (-38 - (29 + -43) - -37).
-58
Evaluate 41 + (-84 - -79 - (-3 + 5 - 9)).
43
What is the value of (-130 - -145) + (9 - (7 + -4))?
21
-36 - (90 + -12 + -96)
-18
7 - ((15 - -47) + (-6 - (-2 + 8)))
-43
(1 - -1) + 65 - ((-4 - -45) + -608 + 570)
64
What is (1 - -1) + (195 - 193) + 26 + 8 + -3?
35
What is 35 + 4 + -5 - (-40 - -102 - 49)?
21
What is the value of (16 + -2 - (-2 + 0)) + -53 + 47 - -7?
17
What is 26 + 21 + -5 + -33 + -11?
-2
What is -9 + (6 - -7) + -7 + 6 + -16 - 46?
-59
-10 + -14 - (9 + 133) - -45
-121
-3 + (129 + -124 - (19 + (3 - 3)))
-17
What is the value of 21 + (-10 - (14 + -12 + -33)) + (3 - 14)?
31
Calculate (-71 - -43) + 33 - (-2 + (1 - (-3 - -64))).
67
What is the value of 13 + (10 - 16) + (55 - 25) + 0?
37
(-1092 - -1034) + -26 + -3
-87
-147 - -40 - -100 - (3 + -1 + -57)
48
(29 + -8 + -20 - (103 - 2)) + -9
-109
What is -2 + 43 - 0 - (2103 - 2109) - (3 - 2)?
46
What is the value of 18 + -74 - (-14 + 9 - 25)?
-26
-25 - (-22 - 15) - (6 + 16 + 2)
-12
What is the value of (70 + (-7 - 48) - (-2 - 29)) + (-1 - -12)?
57
What is 21 - (21 + 11 - 24 - -68)?
-55
Evaluate (-22 - (-57 + 22) - 24) + -83.
-94
What is the value of (6 - 19 - (-8 + -15 + -18)) + -2?
26
What is -29 - ((-15 - -10) + -1 + 10) - -5?
-28
Calculate 21 + 41 - (46 + -15).
31
Calculate -79 + (13 - (24 + -36)).
-54
Calculate (1510 - 1513) + (2 - 3 - -4) - (-44 - 0).
44
Calculate (12 - ((2 - -8 - 14) + -13)) + 4.
33
What is 33 + (-19 - 30) + 17?
1
What is -136 + -58 + -103 + 194?
-103
Evaluate (-16 - -4) + 7 + 9.
4
What is -21 + 19 + -31 + 12 + -17?
-38
Evaluate -20 - ((144 - 50) + -111).
-3
What is the value of -19 + (-42 + 1 - -44) - -112?
96
What is the value of 15 - 1 - (-9 + 71 + -55) - (2 + -2)?
7
Calculate -42 - -7 - (1 + -2) - (-1 - (5 + -6)).
-34
What is the value of -37 - -15 - (49 - 20)?
-51
What is (54 - 101 - 29) + 66?
-10
(-8 - ((25 - 11 - 20) + -10)) + 45 + -1
52
What is the value of (-18 + 2 - (23 - 28)) + 8 + (-6 - 7)?
-16
Calculate -2 + -85 + 4 + (-32 - (-15 + -19)).
-81
Evaluate 53 - (34 + -24) - (-1 + -12).
56
-119 + 125 + -7 + 1 + (9 - -3)
12
Calculate 13 + (-21 + (2 - -3) - -46).
43
Evaluate -47 + 57 - 23 - 11.
-24
What is 11 - (-21 - -122) - -171?
81
What is the value of (-77 - -68) + (1 + 8 + 41 + -7 - 5)?
29
10 + (-1 - -2) + (-276 - -248) - -12
-5
What is 6 + (113 - 16 - 13)?
90
Evaluate (-49 - (-18 + -8)) + 35 + 3.
15
What is -64 - (-12 + 23 + -14 + 7)?
-68
Calculate -16 - ((7 - 14) + 22 + -11).
-20
Evaluate (-31 - (88 - 138)) + (1 + -2 - -13).
31
Calculate (-2 - 0 - -8 - 0 - 11) + 209 + -286.
-82
What is the value of 2 + -12 + (24 - 2) - 24 - -17?
5
Calculate 19 - (4 - 3) - (-19 - -58 - 36).
15
236 + -296 - (-70 - -5)
5
-21 + (6 - -34) + 22 + -44
-3
Evaluate 15 + (-1 + (-1 - 10) - -19) + -2.
20
Evaluate -143 + 156 + 5 + -4 + 4.
18
W